4.
1598
What is the greatest common divisor of 496 and 17038282?
62
What is the highest common divisor of 415484 and 52582?
862
Calculate the greatest common divisor of 2806 and 124778611.
1403
What is the highest common factor of 36 and 14419644?
12
What is the highest common divisor of 378 and 5004300?
42
Calculate the highest common divisor of 369009 and 73179.
1557
What is the highest common factor of 6069228 and 2376?
132
What is the highest common factor of 42731 and 157603?
173
Calculate the greatest common divisor of 506160975 and 50.
25
Calculate the greatest common divisor of 164158 and 962793.
211
Calculate the highest common divisor of 1340067 and 7437.
201
What is the greatest common divisor of 35 and 99432186?
7
What is the highest common divisor of 462209376 and 1228?
1228
Calculate the highest common factor of 109 and 25337813.
109
What is the highest common factor of 28872630 and 124865?
9605
Calculate the greatest common divisor of 78008 and 3253849.
199
Calculate the greatest common divisor of 272593362 and 478.
478
What is the highest common factor of 1529760 and 1321440?
480
What is the greatest common factor of 101959 and 209963?
403
Calculate the greatest common divisor of 1474 and 26825326.
1474
Calculate the highest common factor of 52802494 and 18670.
3734
Calculate the highest common factor of 119195550 and 30.
30
Calculate the greatest common factor of 2487823 and 1885.
377
What is the highest common factor of 649096 and 36?
4
What is the greatest common divisor of 928364 and 8?
4
Calculate the highest common factor of 27180 and 26610.
30
What is the highest common divisor of 81239741 and 44?
11
Calculate the highest common factor of 20567784 and 48.
24
Calculate the greatest common factor of 24900964 and 52280.
5228
Calculate the highest common factor of 1127 and 53634.
7
Calculate the highest common divisor of 949 and 1631798857.
949
What is the greatest common divisor of 45 and 245025?
45
Calculate the highest common factor of 22521088 and 128.
128
Calculate the highest common divisor of 90741448 and 224.
56
Calculate the highest common divisor of 600216 and 13769.
281
Calculate the highest common divisor of 229303 and 48227.
29
Calculate the highest common divisor of 2420 and 38510.
10
What is the highest common divisor of 910283 and 7315?
11
Calculate the greatest common divisor of 1476720 and 72450.
630
Calculate the greatest common divisor of 938 and 4148116.
14
What is the highest common divisor of 191591 and 115181?
283
What is the greatest common divisor of 1388 and 251652381?
347
Calculate the highest common divisor of 304 and 137.
1
What is the highest common factor of 2730204 and 4033404?
6516
Calculate the greatest common divisor of 170655 and 73005.
465
What is the highest common factor of 1290 and 28717980?
1290
Calculate the greatest common divisor of 1057589192 and 88.
88
Calculate the highest common factor of 930886 and 1786.
38
Calculate the greatest common divisor of 1373760 and 139200.
960
Calculate the highest common divisor of 22624 and 177499.
7
Calculate the greatest common factor of 1411493 and 2686.
1343
Calculate the greatest common factor of 683877 and 27756.
771
What is the greatest common divisor of 8766498 and 70665?
2019
Calculate the highest common divisor of 974754459 and 15498.
7749
What is the greatest common factor of 34098784 and 179?
179
Calculate the greatest common factor of 4205 and 1628495.
145
What is the highest common divisor of 373949 and 167841?
17
Calculate the greatest common divisor of 70 and 406240.
10
What is the greatest common divisor of 17738 and 12224016?
2534
What is the greatest common factor of 357143 and 4199?
19
What is the greatest common divisor of 4743 and 41998211?
527
What is the highest common divisor of 262767624 and 252?
84
Calculate the greatest common factor of 88650 and 21937920.
5910
Calculate the highest common factor of 20 and 3958615.
5
What is the greatest common factor of 1244055 and 649115?
985
What is the greatest common factor of 1041782364 and 147?
21
What is the greatest common factor of 124 and 18799516?
124
Calculate the greatest common factor of 944 and 2712816.
16
What is the highest common divisor of 9776390 and 1040?
130
What is the highest common divisor of 2996 and 607332?
428
Calculate the greatest common divisor of 8964580 and 456.
76
What is the greatest common factor of 9715 and 14046875?
145
Calculate the highest common divisor of 11252925 and 135.
135
What is the greatest common divisor of 6664 and 1052674?
238
What is the greatest common factor of 5436354 and 33?
33
What is the highest common factor of 80971 and 3622751?
187
What is the highest common divisor of 992152 and 1134?
14
Calculate the highest common divisor of 35751236 and 76.
76
Calculate the highest common divisor of 3162500 and 86900.
1100
What is the highest common factor of 516 and 77981102?
86
Calculate the greatest common divisor of 626234 and 291297.
1091
What is the greatest common divisor of 7377773 and 3304?
59
What is the highest common factor of 17300 and 2900?
100
What is the greatest common divisor of 1409440 and 4590800?
1840
Calculate the greatest common factor of 1 and 212220065.
1
What is the highest common divisor of 2404431 and 6156?
513
What is the greatest common factor of 414876 and 81312?
924
Calculate the greatest common factor of 42596884 and 66.
22
What is the greatest common factor of 276 and 3220046?
46
Calculate the greatest common divisor of 71870340 and 1020.
60
Calculate the highest common factor of 21450 and 16522.
22
Calculate the greatest common factor of 27086 and 41818.
58
What is the greatest common factor of 5446960 and 30?
10
Calculate the highest common divisor of 53149824 and 20280.
4056
What is the highest common divisor of 23760 and 117805050?
2970
Calculate the highest common factor of 103645 and 16490465.
5455
Calculate the highest common divisor of 28504556 and 5404.
772
Calculate the greatest common divisor of 4410 and 108549.
63
What is the greatest common divisor of 280169 and 45327?
29
What is the highest common divisor of 23573 and 4037?
11
What is the greatest common divisor of 999 and 2547117?
333
Calculate the greatest common divisor of 48 and 3585388.
4
Calculate the greatest common factor of 300 and 1358208.
12
What is the highest common divisor of 706 and 26609846?
706
Calculate the greatest common factor of 43239 and 875742.
609
What is the highest common divisor of 892440 and 102416?
296
Calculate the highest common factor of 14256 and 8899.
11
Calculate the highest common divisor of 10031 and 164738.
7
What is the highest common factor of 17130206 and 808?
202
What is the highest common divisor of 658897 and 1?
1
Calculate the highest common factor of 77 and 9325415.
11
Calculate the greatest common factor of 392223 and 1704261.
3471
Calculate the highest common divisor of 257832 and 7620.
12
What is the highest common factor of 302785470 and 884?
442
What is the greatest common factor of 2434361 and 1?
1
What is the greatest common divisor of 209 and 67204577?
209
Calculate the greatest common factor of 15 and 5354990.
5
What is the greatest common divisor of 3080 and 30593464?
88
What is the highest common divisor of 47702 and 19826?
46
What is the greatest common divisor of 15006500 and 10?
10
What is the greatest common divisor of 19481274 and 27?
9
What is the greatest common factor of 27527406 and 18?
6
Calculate the highest common divisor of 117800 and 70775.
475
Calculate the greatest common divisor of 57 and 4661840.
19
What is the highest common factor of 1044792947 and 319?
319
What is the highest common factor of 116 and 73004?
4
Calculate the highest common factor of 25450 and 35750.
50
What is the greatest common factor of 1283317 and 40689833?
9649
Calculate the greatest common factor of 495816 and 6063672.
1752
What is the highest common factor of 146995523 and 103?
103
Calculate the greatest common factor of 103 and 4987260.
103
Calculate the highest common factor of 1800 and 1126840.
40
Calculate the greatest common factor of 39462516 and 2241.
747
Calculate the highest common factor of 62412 and 119868.
84
Calculate the highest common divisor of 9116886 and 113046.
498
C